[INFO] cloning repository https://github.com/perlindgren/no_std_generator
[INFO] running `Command { std: "git" "-c" "credential.helper=" "-c" "credential.helper=/workspace/cargo-home/bin/git-credential-null" "clone" "--bare" "https://github.com/perlindgren/no_std_generator" "/workspace/cache/git-repos/https%3A%2F%2Fgithub.com%2Fperlindgren%2Fno_std_generator", kill_on_drop: false }`
[INFO] [stderr] Cloning into bare repository '/workspace/cache/git-repos/https%3A%2F%2Fgithub.com%2Fperlindgren%2Fno_std_generator'...
[INFO] running `Command { std: "git" "rev-parse" "HEAD", kill_on_drop: false }`
[INFO] [stdout] 5163188b7ae41136dcad427c7c43abd199245f7b
[INFO] checking perlindgren/no_std_generator against try#72f88fc4e9458f89516a0b8b0868f3718aec5b47 for pr-74989
[INFO] running `Command { std: "git" "clone" "/workspace/cache/git-repos/https%3A%2F%2Fgithub.com%2Fperlindgren%2Fno_std_generator" "/workspace/builds/worker-2/source", kill_on_drop: false }`
[INFO] [stderr] Cloning into '/workspace/builds/worker-2/source'...
[INFO] [stderr] done.
[INFO] validating manifest of git repo https://github.com/perlindgren/no_std_generator on toolchain 72f88fc4e9458f89516a0b8b0868f3718aec5b47
[INFO] running `Command { std: "/workspace/cargo-home/bin/cargo" "+72f88fc4e9458f89516a0b8b0868f3718aec5b47" "read-manifest" "--manifest-path" "Cargo.toml", kill_on_drop: false }`
[INFO] started tweaking git repo https://github.com/perlindgren/no_std_generator
[INFO] finished tweaking git repo https://github.com/perlindgren/no_std_generator
[INFO] tweaked toml for git repo https://github.com/perlindgren/no_std_generator written to /workspace/builds/worker-2/source/Cargo.toml
[INFO] crate git repo https://github.com/perlindgren/no_std_generator already has a lockfile, it will not be regenerated
[INFO] running `Command { std: "/workspace/cargo-home/bin/cargo" "+72f88fc4e9458f89516a0b8b0868f3718aec5b47" "fetch" "--locked" "--manifest-path" "Cargo.toml", kill_on_drop: false }`
[INFO] running `Command { std: "docker" "create" "-v" "/var/lib/crater-agent-workspace/builds/worker-2/target:/opt/rustwide/target:rw,Z" "-v" "/var/lib/crater-agent-workspace/builds/worker-2/source:/opt/rustwide/workdir:ro,Z" "-v" "/var/lib/crater-agent-workspace/cargo-home:/opt/rustwide/cargo-home:ro,Z" "-v" "/var/lib/crater-agent-workspace/rustup-home:/opt/rustwide/rustup-home:ro,Z" "-e" "SOURCE_DIR=/opt/rustwide/workdir" "-e" "CARGO_TARGET_DIR=/opt/rustwide/target" "-e" "CARGO_HOME=/opt/rustwide/cargo-home" "-e" "RUSTUP_HOME=/opt/rustwide/rustup-home" "-w" "/opt/rustwide/workdir" "-m" "1610612736" "--user" "0:0" "--network" "none" "rustops/crates-build-env@sha256:d92eaeed33fa75130ca1ee6c8a01d1ffb62bac859dfdfb3450e3e5d1c0146529" "/opt/rustwide/cargo-home/bin/cargo" "+72f88fc4e9458f89516a0b8b0868f3718aec5b47" "metadata" "--no-deps" "--format-version=1", kill_on_drop: false }`
[INFO] [stdout] ad780058cb0fe0801f3249a32357c8af150aadd65b87a518fd58889f66900f32
[INFO] [stderr] WARNING: Your kernel does not support swap limit capabilities or the cgroup is not mounted. Memory limited without swap.
[INFO] running `Command { std: "docker" "start" "-a" "ad780058cb0fe0801f3249a32357c8af150aadd65b87a518fd58889f66900f32", kill_on_drop: false }`
[INFO] running `Command { std: "docker" "inspect" "ad780058cb0fe0801f3249a32357c8af150aadd65b87a518fd58889f66900f32", kill_on_drop: false }`
[INFO] running `Command { std: "docker" "rm" "-f" "ad780058cb0fe0801f3249a32357c8af150aadd65b87a518fd58889f66900f32", kill_on_drop: false }`
[INFO] [stdout] ad780058cb0fe0801f3249a32357c8af150aadd65b87a518fd58889f66900f32
[INFO] running `Command { std: "docker" "create" "-v" "/var/lib/crater-agent-workspace/builds/worker-2/target:/opt/rustwide/target:rw,Z" "-v" "/var/lib/crater-agent-workspace/builds/worker-2/source:/opt/rustwide/workdir:ro,Z" "-v" "/var/lib/crater-agent-workspace/cargo-home:/opt/rustwide/cargo-home:ro,Z" "-v" "/var/lib/crater-agent-workspace/rustup-home:/opt/rustwide/rustup-home:ro,Z" "-e" "SOURCE_DIR=/opt/rustwide/workdir" "-e" "CARGO_TARGET_DIR=/opt/rustwide/target" "-e" "CARGO_INCREMENTAL=0" "-e" "RUST_BACKTRACE=full" "-e" "RUSTFLAGS=--cap-lints=forbid" "-e" "CARGO_HOME=/opt/rustwide/cargo-home" "-e" "RUSTUP_HOME=/opt/rustwide/rustup-home" "-w" "/opt/rustwide/workdir" "-m" "1610612736" "--user" "0:0" "--network" "none" "rustops/crates-build-env@sha256:d92eaeed33fa75130ca1ee6c8a01d1ffb62bac859dfdfb3450e3e5d1c0146529" "/opt/rustwide/cargo-home/bin/cargo" "+72f88fc4e9458f89516a0b8b0868f3718aec5b47" "check" "--frozen" "--all" "--all-targets" "--message-format=json", kill_on_drop: false }`
[INFO] [stdout] 187284fee54d938c1ebf93481271ed8391d6ce6013273a67d555be22b6406e1f
[INFO] [stderr] WARNING: Your kernel does not support swap limit capabilities or the cgroup is not mounted. Memory limited without swap.
[INFO] running `Command { std: "docker" "start" "-a" "187284fee54d938c1ebf93481271ed8391d6ce6013273a67d555be22b6406e1f", kill_on_drop: false }`
[INFO] [stderr]     Checking generator v0.1.0 (/opt/rustwide/workdir)
[INFO] [stdout] error[E0061]: this function takes 1 argument but 0 arguments were supplied
[INFO] [stdout]   --> src/main.rs:37:57
[INFO] [stdout]    |
[INFO] [stdout] 37 |         println!("-- {:?}", Pin::new_unchecked(&mut *g).resume());
[INFO] [stdout]    |                                                         ^^^^^^- supplied 0 arguments
[INFO] [stdout]    |
[INFO] [stdout] help: expected the unit value `()`; create it with empty parentheses
[INFO] [stdout]    |
[INFO] [stdout] 37 |         println!("-- {:?}", Pin::new_unchecked(&mut *g).resume(()));
[INFO] [stdout]    |                                                                ^^
[INFO] [stdout] 
[INFO] [stdout] 
[INFO] [stdout] error[E0061]: this function takes 1 argument but 0 arguments were supplied
[INFO] [stdout]   --> src/main.rs:38:57
[INFO] [stdout]    |
[INFO] [stdout] 38 |         println!("-- {:?}", Pin::new_unchecked(&mut *g).resume());
[INFO] [stdout]    |                                                         ^^^^^^- supplied 0 arguments
[INFO] [stdout]    |
[INFO] [stdout] help: expected the unit value `()`; create it with empty parentheses
[INFO] [stdout]    |
[INFO] [stdout] 38 |         println!("-- {:?}", Pin::new_unchecked(&mut *g).resume(()));
[INFO] [stdout]    |                                                                ^^
[INFO] [stdout] 
[INFO] [stdout] 
[INFO] [stdout] error[E0061]: this function takes 1 argument but 0 arguments were supplied
[INFO] [stdout]   --> src/main.rs:39:57
[INFO] [stdout]    |
[INFO] [stdout] 39 |         println!("-- {:?}", Pin::new_unchecked(&mut *g).resume());
[INFO] [stdout]    |                                                         ^^^^^^- supplied 0 arguments
[INFO] [stdout]    |
[INFO] [stdout] help: expected the unit value `()`; create it with empty parentheses
[INFO] [stdout]    |
[INFO] [stdout] 39 |         println!("-- {:?}", Pin::new_unchecked(&mut *g).resume(()));
[INFO] [stdout]    |                                                                ^^
[INFO] [stdout] 
[INFO] [stdout] 
[INFO] [stdout] error: aborting due to 3 previous errors
[INFO] [stdout] 
[INFO] [stdout] 
[INFO] [stdout] For more information about this error, try `rustc --explain E0061`.
[INFO] [stdout] 
[INFO] [stderr] error: could not compile `generator`.
[INFO] [stderr] 
[INFO] [stderr] To learn more, run the command again with --verbose.
[INFO] [stderr] warning: build failed, waiting for other jobs to finish...
[INFO] [stdout] error[E0061]: this function takes 1 argument but 0 arguments were supplied
[INFO] [stdout]   --> src/main.rs:37:57
[INFO] [stdout]    |
[INFO] [stdout] 37 |         println!("-- {:?}", Pin::new_unchecked(&mut *g).resume());
[INFO] [stdout]    |                                                         ^^^^^^- supplied 0 arguments
[INFO] [stdout]    |
[INFO] [stdout] help: expected the unit value `()`; create it with empty parentheses
[INFO] [stdout]    |
[INFO] [stdout] 37 |         println!("-- {:?}", Pin::new_unchecked(&mut *g).resume(()));
[INFO] [stdout]    |                                                                ^^
[INFO] [stdout] 
[INFO] [stdout] 
[INFO] [stdout] error[E0061]: this function takes 1 argument but 0 arguments were supplied
[INFO] [stdout]   --> src/main.rs:38:57
[INFO] [stdout]    |
[INFO] [stdout] 38 |         println!("-- {:?}", Pin::new_unchecked(&mut *g).resume());
[INFO] [stdout]    |                                                         ^^^^^^- supplied 0 arguments
[INFO] [stdout]    |
[INFO] [stdout] help: expected the unit value `()`; create it with empty parentheses
[INFO] [stdout]    |
[INFO] [stdout] 38 |         println!("-- {:?}", Pin::new_unchecked(&mut *g).resume(()));
[INFO] [stdout]    |                                                                ^^
[INFO] [stdout] 
[INFO] [stdout] 
[INFO] [stdout] error[E0061]: this function takes 1 argument but 0 arguments were supplied
[INFO] [stdout]   --> src/main.rs:39:57
[INFO] [stdout]    |
[INFO] [stdout] 39 |         println!("-- {:?}", Pin::new_unchecked(&mut *g).resume());
[INFO] [stdout]    |                                                         ^^^^^^- supplied 0 arguments
[INFO] [stdout]    |
[INFO] [stdout] help: expected the unit value `()`; create it with empty parentheses
[INFO] [stdout]    |
[INFO] [stdout] 39 |         println!("-- {:?}", Pin::new_unchecked(&mut *g).resume(()));
[INFO] [stdout]    |                                                                ^^
[INFO] [stdout] 
[INFO] [stdout] 
[INFO] [stdout] error: aborting due to 3 previous errors
[INFO] [stdout] 
[INFO] [stdout] 
[INFO] [stdout] For more information about this error, try `rustc --explain E0061`.
[INFO] [stdout] 
[INFO] [stderr] error: build failed
[INFO] running `Command { std: "docker" "inspect" "187284fee54d938c1ebf93481271ed8391d6ce6013273a67d555be22b6406e1f", kill_on_drop: false }`
[INFO] running `Command { std: "docker" "rm" "-f" "187284fee54d938c1ebf93481271ed8391d6ce6013273a67d555be22b6406e1f", kill_on_drop: false }`
[INFO] [stdout] 187284fee54d938c1ebf93481271ed8391d6ce6013273a67d555be22b6406e1f
